isor of 924 and 660.
132
What is the greatest common divisor of 117 and 26754?
39
What is the highest common factor of 400 and 16?
16
Calculate the highest common divisor of 3474 and 36.
18
What is the highest common factor of 25 and 2225?
25
What is the highest common divisor of 5695 and 85?
85
What is the greatest common factor of 909 and 27?
9
Calculate the greatest common divisor of 385 and 245.
35
What is the greatest common factor of 48 and 3?
3
Calculate the highest common factor of 208 and 13.
13
What is the highest common divisor of 143 and 21593?
143
What is the highest common divisor of 221 and 19669?
221
Calculate the greatest common divisor of 574 and 1106.
14
Calculate the highest common factor of 15 and 57.
3
What is the highest common divisor of 42 and 6?
6
What is the greatest common divisor of 117 and 63?
9
What is the greatest common factor of 2944 and 304?
16
What is the highest common divisor of 4 and 100?
4
What is the highest common factor of 621 and 23?
23
Calculate the highest common factor of 3225 and 375.
75
Calculate the greatest common factor of 25 and 115.
5
What is the highest common divisor of 316 and 2370?
158
Calculate the highest common factor of 1196 and 23.
23
Calculate the greatest common divisor of 1158 and 12.
6
What is the highest common divisor of 28 and 2324?
28
Calculate the highest common factor of 4662 and 6.
6
Calculate the highest common divisor of 247 and 19.
19
What is the highest common factor of 172 and 3698?
86
Calculate the greatest common divisor of 288 and 528.
48
What is the greatest common factor of 19 and 95?
19
Calculate the greatest common factor of 948 and 4.
4
Calculate the highest common divisor of 72 and 2682.
18
What is the greatest common factor of 8275 and 300?
25
What is the highest common divisor of 219 and 6?
3
What is the greatest common divisor of 7 and 29?
1
Calculate the highest common factor of 140 and 896.
28
Calculate the highest common factor of 8 and 424.
8
What is the highest common factor of 14 and 9058?
14
Calculate the highest common factor of 66 and 18216.
66
What is the greatest common factor of 7 and 9?
1
What is the greatest common divisor of 453 and 2567?
151
What is the highest common factor of 231 and 1407?
21
What is the greatest common divisor of 172 and 32?
4
What is the highest common divisor of 19 and 1900?
19
What is the highest common factor of 13 and 1703?
13
What is the highest common factor of 6 and 12?
6
What is the highest common divisor of 51 and 34?
17
What is the greatest common divisor of 2402 and 8?
2
What is the highest common factor of 33 and 2112?
33
What is the greatest common factor of 3695 and 10?
5
What is the highest common divisor of 6936 and 48?
24
What is the highest common factor of 1315 and 5?
5
Calculate the highest common divisor of 4 and 388.
4
Calculate the greatest common divisor of 104 and 64.
8
What is the highest common factor of 244 and 183?
61
Calculate the highest common divisor of 8 and 30.
2
What is the highest common divisor of 3223 and 11?
11
What is the highest common factor of 7 and 4151?
7
Calculate the greatest common divisor of 88 and 11.
11
What is the greatest common divisor of 7293 and 17?
17
Calculate the highest common divisor of 8542 and 2.
2
What is the highest common divisor of 440 and 22?
22
What is the highest common divisor of 43 and 1505?
43
What is the greatest common factor of 639 and 45?
9
Calculate the highest common divisor of 78 and 36.
6
Calculate the highest common factor of 80 and 7120.
80
Calculate the greatest common factor of 26 and 2106.
26
What is the highest common divisor of 133 and 14?
7
What is the greatest common divisor of 226 and 13108?
226
Calculate the highest common factor of 98 and 126.
14
Calculate the highest common divisor of 1062 and 885.
177
What is the greatest common factor of 5 and 5785?
5
What is the highest common factor of 17 and 425?
17
Calculate the highest common factor of 176 and 7568.
176
What is the highest common divisor of 29 and 6989?
29
Calculate the highest common divisor of 165 and 15.
15
Calculate the highest common factor of 730 and 10.
10
What is the greatest common divisor of 1892 and 2580?
172
Calculate the greatest common factor of 304 and 171.
19
What is the greatest common divisor of 64 and 6?
2
What is the highest common factor of 340 and 68?
68
Calculate the greatest common factor of 6015 and 15.
15
What is the greatest common factor of 258 and 750?
6
What is the highest common divisor of 7 and 427?
7
Calculate the greatest common factor of 19 and 19.
19
What is the greatest common factor of 91 and 377?
13
What is the highest common divisor of 30 and 2496?
6
What is the greatest common divisor of 135 and 20?
5
Calculate the highest common divisor of 11 and 1067.
11
What is the highest common divisor of 174 and 42?
6
What is the highest common divisor of 3 and 24?
3
Calculate the greatest common divisor of 44247 and 129.
129
Calculate the highest common divisor of 72 and 7164.
36
Calculate the highest common factor of 3861 and 819.
117
Calculate the greatest common factor of 97 and 5917.
97
What is the greatest common divisor of 180 and 225?
45
Calculate the highest common factor of 145 and 1102.
29
What is the greatest common divisor of 2100 and 924?
84
What is the greatest common factor of 46 and 46?
46
What is the highest common divisor of 6 and 96?
6
What is the highest common divisor of 1391 and 749?
107
Calculate the greatest common factor of 244 and 8.
4
What is the highest common factor of 196 and 7?
7
Calculate the highest common factor of 214 and 6.
2
Calculate the highest common factor of 322 and 7245.
161
What is the highest common factor of 158 and 52930?
158
Calculate the greatest common divisor of 583 and 159.
53
What is the highest common factor of 7 and 1?
1
Calculate the highest common divisor of 236 and 184.
4
What is the greatest common divisor of 552 and 23?
23
What is the greatest common factor of 3160 and 10?
10
Calculate the highest common divisor of 129 and 86.
43
What is the greatest common divisor of 152 and 8?
8
What is the highest common factor of 39 and 87?
3
What is the highest common divisor of 80 and 176?
16
What is the highest common divisor of 22 and 22?
22
Calculate the greatest common divisor of 15 and 5765.
5
What is the greatest common divisor of 2560 and 110?
10
Calculate the highest common divisor of 8168 and 8.
8
What is the highest common factor of 66 and 1056?
66
Calculate the highest common divisor of 1012 and 143.
11
Calculate the highest common factor of 103 and 1.
1
Calculate the greatest common divisor of 2 and 262.
2
What is the greatest common divisor of 564 and 4371?
141
What is the highest common divisor of 1120 and 35?
35
Calculate the greatest common divisor of 95 and 3629.
19
Calculate the highest common divisor of 27 and 1.
1
Calculate the highest common divisor of 11 and 275.
11
Calculate the highest common factor of 10668 and 132.
12
Calculate the highest common factor of 84 and 9807.
21
What is the greatest common factor of 3145 and 85?
85
What is the greatest common divisor of 4 and 18?
2
What is the greatest common factor of 155 and 279?
31
Calculate the highest common divisor of 7 and 224.
7
Calculate the highest common factor of 194 and 18.
2
What is the greatest common divisor of 1813 and 481?
37
Calculate the highest common factor of 12 and 1713.
3
What is the greatest common factor of 176 and 121?
11
What is the highest common divisor of 66 and 1650?
66
What is the greatest common divisor of 20 and 11380?
20
What is the greatest common factor of 400 and 4752?
16
What is the highest common divisor of 150 and 18?
6
What is the greatest common factor of 3 and 15?
3
Calculate the highest common factor of 13671 and 49.
49
Calculate the highest common divisor of 117 and 663.
39
What is the greatest common factor of 2139 and 62?
31
Calculate the greatest common divisor of 80 and 5320.
40
Calculate the greatest common divisor of 1099 and 28.
7
What is the highest common divisor of 15 and 75?
15
Calculate the highest common divisor of 24 and 84.
12
What is the greatest common factor of 6424 and 88?
88
What is the greatest common factor of 828 and 2852?
92
What is the greatest